2 and n?
2
Suppose -o - 5*b - 10 = 4*o, 2*o = 5*b - 4. Let f be (-2 - 0) + (-20)/o. Calculate the greatest common factor of f and 12.
4
Let p = 39 - -22. Suppose 3*y - p = -d, -y + 201 = 3*d + 2*y. What is the greatest common factor of d and 10?
10
Let b be 26/8 - (-18)/24. Suppose -b*y + 39 = -3*o, 5*o = 6 + 9. Let t be 1/(26/12 + -2). What is the greatest common factor of t and y?
6
Suppose 0 = 3*l - s - 1 - 6, -4*s + 20 = 0. Suppose l*d - 227 = 5*z, -4*d + 277 = 7*z - 2*z. Calculate the greatest common factor of 21 and d.
21
Let y be (-1 - -92)/((-3)/(-3)). Calculate the highest common factor of 13 and y.
13
Suppose -d = -0 + 3. Let r be ((-1)/2)/(d/120). Calculate the greatest common factor of 8 and r.
4
Let u be 3*((-4)/3 - 2). Let a be 2108/20 + 4/u. Let i = -20 + 35. Calculate the greatest common divisor of i and a.
15
Let w = -85 + 16. Let v be w/(-7) + (-4)/(-28). What is the highest common divisor of 80 and v?
10
Suppose -2*c = -5*f + 15, c + 3*c = -2*f + 30. Suppose -c*t - 20 = -170. What is the highest common factor of t and 75?
15
Let z be (-804)/(-8) + 1/(-2). What is the greatest common divisor of 10 and z?
10
Let q(r) = -7*r - 9. Let c be q(-7). Let z = 84 - c. What is the greatest common divisor of 4 and z?
4
Suppose 0*l - 6 = -l. Suppose c - l = -c. Suppose 0 = -5*m + 5, 0 = x + c*x - 3*m - 237. What is the greatest common factor of 12 and x?
12
Suppose 7*k - 2*k + 58 = 3*g, -4*g + 2*k + 54 = 0. Calculate the highest common factor of g and 22.
11
Let h = 58 - 37. What is the greatest common factor of 6 and h?
3
Let s be (-4)/(-6)*(3 + 0). Let d(t) = 3*t - 6. Let k be d(7). Suppose 0 = -s*c + 9 + k. What is the highest common divisor of c and 132?
12
Suppose 0*r - 54 = -2*v - 3*r, -4*r + 17 = v. What is the greatest common divisor of 11 and v?
11
Let g be (-2)/9 + 12/54. Suppose 3*h + g*h = 60. What is the greatest common divisor of 40 and h?
20
Suppose -3*b = 4*b - 126. Let k = 1 + 5. What is the highest common divisor of k and b?
6
Let o(d) be the first derivative of 4*d**3/3 + 3*d**2/2 - 1. Let z be o(3). Calculate the highest common factor of z and 5.
5
Let d be 6096/21 - 4/14. Calculate the greatest common factor of d and 29.
29
Suppose 5*r - 112 = -3*s, -4*r - s + 44 = -2*r. What is the highest common divisor of r and 20?
20
Let w = 105 + -42. Calculate the greatest common divisor of 21 and w.
21
Let j be -4 + (-2)/(-1) + 3. Calculate the greatest common divisor of 2 and j.
1
Let m = 59 + -53. Calculate the greatest common factor of m and 114.
6
Let v = -69 - -94. Calculate the highest common factor of 125 and v.
25
Suppose 60 = 3*l - 48. Let i(h) be the first derivative of -2*h**2 - 2. Let t be i(-1). What is the highest common factor of l and t?
4
Let l(a) = a**3 - 5*a**2 - 4*a - 7. Let d be l(6). Let j = 7 + 33. Calculate the highest common factor of j and d.
5
Suppose -3*z = c - 28, 16 = 5*z - 3*z - 2*c. Suppose -84 - 321 = -5*r. Calculate the highest common factor of z and r.
9
Let w(j) = -j**3 - 2*j**2 - 4. Let v be w(-3). Let y be 59 + 1 - (-5 + v). Suppose -2*p + 7*p - y = 0. What is the highest common divisor of 12 and p?
12
Suppose -z = -10 - 8. Suppose -9 - 1 = -5*b. What is the greatest common factor of z and b?
2
Suppose 240 = -0*v + 5*v. Suppose 0 = -4*s + 11 + 37. Calculate the highest common divisor of s and v.
12
Let d(g) = -g**3 + 3*g**2 - 1. Let o be d(2). Calculate the highest common factor of o and 4.
1
Let x = 68 + -26. Suppose 70 = 5*u + g, -3*u + 3*g = -6*u + x. Let v = -132 - -230. Calculate the highest common divisor of v and u.
14
Let b be 21/9 - 6/(-9). What is the highest common divisor of b and 1?
1
Suppose -5*y = 24 + 171. Let u be y/(-4) - (-2)/8. What is the highest common factor of u and 50?
10
Let l(n) = -n**2 - 9*n - 3. Let r be l(-5). Calculate the greatest common factor of r and 17.
17
Suppose -5*z - 109 + 384 = 0. Calculate the greatest common factor of z and 10.
5
Let p(s) = s**2 - 7*s + 3. Let o be p(6). Let g be ((-1)/3)/(o/(-45)). Let f be ((-2)/(-3))/(g/(-90)). What is the highest common divisor of f and 6?
6
Suppose 0 = 5*f - v - 0*v - 17, 3*f - 11 = v. Let k be 99/(-6)*(-22)/f. What is the highest common divisor of 11 and k?
11
Let q be 4/16 - (-45)/12. Calculate the greatest common factor of q and 6.
2
Let c be 21/9 + -2 + 53/3. Suppose -r - 2*j = j + 63, 0 = -5*r + j - 347. Let f = 114 + r. Calculate the highest common divisor of f and c.
9
Let m be (-10)/(-2 + 3 - 3). What is the highest common divisor of 25 and m?
5
Let g(n) = -1 - 2*n + 4 + 4*n - n. Let b be g(10). What is the highest common factor of 26 and b?
13
Suppose a - 1 = 1. Suppose 575 = a*w + 3*w. Let z = -65 + w. What is the highest common divisor of z and 20?
10
Let j(z) = z**2 + 5*z + 3. Let u be j(4). Let k = -50 - -76. What is the greatest common divisor of u and k?
13
Let u = 63 - 27. Suppose -32 - u = -a. Suppose -2*l = -a - 112. What is the highest common factor of 10 and l?
10
Let o(i) = i**3 + 9*i**2 - 8*i - 7. Let h be o(-7). Let l = h - 85. Suppose 8 = -3*u + l. What is the greatest common divisor of u and 6?
6
Let j = 15 - 5. Calculate the highest common divisor of j and 10.
10
Let b be 6*(-8)/(-28)*(8 + 6). What is the highest common factor of b and 30?
6
Suppose 5 = 5*i - 35. Suppose -4*y - 3 + i = d, 2*d - 4*y - 22 = 0. Let c = -5 + d. Calculate the greatest common factor of 16 and c.
4
Let m = -168 + 248. Calculate the highest common divisor of m and 20.
20
Suppose -5*b + 15 = -0*b. Suppose 11 = q + b. Calculate the greatest common factor of q and 12.
4
Let x be (8/16)/((-1)/(-6)). Let i be x/4 - 324/(-16). What is the highest common divisor of i and 21?
21
Let g = -12 + 4. Let k = 3 - g. What is the highest common divisor of 88 and k?
11
Suppose -5*g + 8*g - 6 = 0. Calculate the highest common factor of 2 and g.
2
Suppose z + 8*z - 2232 = 0. Calculate the greatest common divisor of 31 and z.
31
Let d(i) = i + 1. Let x(u) = 41*u + 2. Let j(a) = -6*d(a) + x(a). Let k be j(4). Calculate the highest common divisor of 17 and k.
17
Let f be (60/24)/(2/40*2). Calculate the greatest common divisor of 5 and f.
5
Let z be (-53 - -14)/((-2)/4). Suppose -12 = o - 2*w - 36, 4*o - 2*w = z. What is the highest common divisor of 18 and o?
18
Let b(j) = 2*j**3 - 1. Let d be b(1). Let f be 2 + (d + -3)*-1. Suppose f = u - 5. Calculate the greatest common factor of 72 and u.
9
Let o(c) = -c**2 + 9*c + 10. Let z be o(5). What is the greatest common factor of z and 15?
15
Suppose 2 = -5*h - 4*o, h + o + 0 = -1. Suppose 4*l - 3*r - 28 = 0, h*l + 0*l = -2*r. What is the highest common factor of 12 and l?
4
Let s be 3/((-45)/10) + 466/6. Calculate the highest common factor of s and 11.
11
Suppose 0 = 2*u + 3 + 5. Let i be u/6*(-16 + -2). Calculate the highest common divisor of 12 and i.
12
Let j(w) = -w + 2. Let g be j(3). Let s = g + 4. Calculate the greatest common divisor of 3 and s.
3
Let u be (-6)/9*15/(-2). Suppose -6*w = -u*w - 117. What is the highest common divisor of w and 13?
13
Let u(i) = -15*i**3 - 2*i**2 + 1. Let x = 3 + -4. Let j be u(x). Let k = 36 - j. Calculate the greatest common factor of k and 88.
22
Suppose f + 2*l - 8 = 96, -l = -3*f + 347. Calculate the greatest common divisor of 76 and f.
38
Let b(p) = p**3 - 6*p**2 + 7*p + 6. Let h(q) = q**2 - q - 1. Let o(z) = b(z) + 4*h(z). Let w be o(3). Calculate the highest common factor of w and 4.
4
Let q = -3 - -3. Suppose -4*b + 0 - 108 = q. Let n = b - -59. What is the highest common factor of n and 48?
16
Let z be -6*(-4)/6 + -1 + 393. Calculate the highest common factor of 44 and z.
44
Suppose 5*n - 90 = -2*z, 5*z = 3*n + 124 + 132. Calculate the highest common divisor of z and 30.
10
Let y = 178 - -30. Calculate the greatest common factor of 26 and y.
26
Let d = 544 + -169. Let b = 5 + -5. Suppose b*h - 75 = -h - 3*x, x = 5*h - d. What is the highest common factor of 30 and h?
15
Suppose 0 = -0*w - 4*w + 24. Let t(p) = -p**2 + 2*p + 2. Let g be t(2). What is the highest common factor of g and w?
2
Let k(i) = i**2 - 1. Let a be k(-1). Let j be -1 - a - (-4 + -4). Let y be (0 + -4)*j/(-2). What is the greatest common factor of 28 and y?
14
Let h be (8 + -3)/(-5) + 3. Let r(p) = -p**2 + 14. Let t be r(0). What is the greatest common divisor of